[INFO] fetching crate scratchstack-aws-principal 0.3.1...
[INFO] building scratchstack-aws-principal-0.3.1 against master#881c1ac408d93bb7adaa3a51dabab9266e82eee8 for issue-85264
[INFO] extracting crate scratchstack-aws-principal 0.3.1 into /workspace/builds/worker-15/source
[INFO] validating manifest of crates.io crate scratchstack-aws-principal 0.3.1 on toolchain 881c1ac408d93bb7adaa3a51dabab9266e82eee8
[INFO] running `Command { std: "/workspace/cargo-home/bin/cargo" "+881c1ac408d93bb7adaa3a51dabab9266e82eee8" "metadata" "--manifest-path" "Cargo.toml" "--no-deps", kill_on_drop: false }`
[INFO] started tweaking crates.io crate scratchstack-aws-principal 0.3.1
[INFO] finished tweaking crates.io crate scratchstack-aws-principal 0.3.1
[INFO] tweaked toml for crates.io crate scratchstack-aws-principal 0.3.1 written to /workspace/builds/worker-15/source/Cargo.toml
[INFO] running `Command { std: "/workspace/cargo-home/bin/cargo" "+881c1ac408d93bb7adaa3a51dabab9266e82eee8" "generate-lockfile" "--manifest-path" "Cargo.toml" "-Zno-index-update", kill_on_drop: false }`
[INFO] running `Command { std: "/workspace/cargo-home/bin/cargo" "+881c1ac408d93bb7adaa3a51dabab9266e82eee8" "fetch" "--manifest-path" "Cargo.toml", kill_on_drop: false }`
[INFO] [stderr]     Blocking waiting for file lock on package cache
[INFO] [stderr]     Blocking waiting for file lock on package cache
[INFO] running `Command { std: "docker" "create" "-v" "/var/lib/crater-agent-workspace/builds/worker-15/target:/opt/rustwide/target:rw,Z" "-v" "/var/lib/crater-agent-workspace/builds/worker-15/source:/opt/rustwide/workdir:ro,Z" "-v" "/var/lib/crater-agent-workspace/cargo-home:/opt/rustwide/cargo-home:ro,Z" "-v" "/var/lib/crater-agent-workspace/rustup-home:/opt/rustwide/rustup-home:ro,Z" "-e" "SOURCE_DIR=/opt/rustwide/workdir" "-e" "CARGO_TARGET_DIR=/opt/rustwide/target" "-e" "CARGO_HOME=/opt/rustwide/cargo-home" "-e" "RUSTUP_HOME=/opt/rustwide/rustup-home" "-w" "/opt/rustwide/workdir" "-m" "1610612736" "--user" "0:0" "--network" "none" "ghcr.io/rust-lang/crates-build-env/linux@sha256:20528e8c29e4536546f0102ce88568b16ea7538393a33fcca951030f7af10457" "/opt/rustwide/cargo-home/bin/cargo" "+881c1ac408d93bb7adaa3a51dabab9266e82eee8" "metadata" "--no-deps" "--format-version=1", kill_on_drop: false }`
[INFO] [stdout] e6baa9e2a5c4441e8bb5ef828f36106698452fe358d42e0cc63aebc22680b0d9
[INFO] [stderr] WARNING: Your kernel does not support swap limit capabilities or the cgroup is not mounted. Memory limited without swap.
[INFO] running `Command { std: "docker" "start" "-a" "e6baa9e2a5c4441e8bb5ef828f36106698452fe358d42e0cc63aebc22680b0d9", kill_on_drop: false }`
[INFO] running `Command { std: "docker" "inspect" "e6baa9e2a5c4441e8bb5ef828f36106698452fe358d42e0cc63aebc22680b0d9", kill_on_drop: false }`
[INFO] running `Command { std: "docker" "rm" "-f" "e6baa9e2a5c4441e8bb5ef828f36106698452fe358d42e0cc63aebc22680b0d9", kill_on_drop: false }`
[INFO] [stdout] e6baa9e2a5c4441e8bb5ef828f36106698452fe358d42e0cc63aebc22680b0d9
[INFO] running `Command { std: "docker" "create" "-v" "/var/lib/crater-agent-workspace/builds/worker-15/target:/opt/rustwide/target:rw,Z" "-v" "/var/lib/crater-agent-workspace/builds/worker-15/source:/opt/rustwide/workdir:ro,Z" "-v" "/var/lib/crater-agent-workspace/cargo-home:/opt/rustwide/cargo-home:ro,Z" "-v" "/var/lib/crater-agent-workspace/rustup-home:/opt/rustwide/rustup-home:ro,Z" "-e" "SOURCE_DIR=/opt/rustwide/workdir" "-e" "CARGO_TARGET_DIR=/opt/rustwide/target" "-e" "CARGO_INCREMENTAL=0" "-e" "RUST_BACKTRACE=full" "-e" "RUSTFLAGS=--cap-lints=forbid" "-e" "CARGO_HOME=/opt/rustwide/cargo-home" "-e" "RUSTUP_HOME=/opt/rustwide/rustup-home" "-w" "/opt/rustwide/workdir" "-m" "1610612736" "--user" "0:0" "--network" "none" "ghcr.io/rust-lang/crates-build-env/linux@sha256:20528e8c29e4536546f0102ce88568b16ea7538393a33fcca951030f7af10457" "/opt/rustwide/cargo-home/bin/cargo" "+881c1ac408d93bb7adaa3a51dabab9266e82eee8" "build" "--frozen" "--message-format=json", kill_on_drop: false }`
[INFO] [stdout] 2d0b3dd216e319463806f1b45543ad5c1fa3c4c87917a63738c36db04b058b05
[INFO] [stderr] WARNING: Your kernel does not support swap limit capabilities or the cgroup is not mounted. Memory limited without swap.
[INFO] running `Command { std: "docker" "start" "-a" "2d0b3dd216e319463806f1b45543ad5c1fa3c4c87917a63738c36db04b058b05", kill_on_drop: false }`
[INFO] [stderr]    Compiling log v0.4.14
[INFO] [stderr]    Compiling scratchstack-aws-principal v0.3.1 (/opt/rustwide/workdir)
[INFO] [stderr]     Finished dev [unoptimized + debuginfo] target(s) in 1.84s
[INFO] running `Command { std: "docker" "inspect" "2d0b3dd216e319463806f1b45543ad5c1fa3c4c87917a63738c36db04b058b05", kill_on_drop: false }`
[INFO] running `Command { std: "docker" "rm" "-f" "2d0b3dd216e319463806f1b45543ad5c1fa3c4c87917a63738c36db04b058b05", kill_on_drop: false }`
[INFO] [stdout] 2d0b3dd216e319463806f1b45543ad5c1fa3c4c87917a63738c36db04b058b05
[INFO] running `Command { std: "docker" "create" "-v" "/var/lib/crater-agent-workspace/builds/worker-15/target:/opt/rustwide/target:rw,Z" "-v" "/var/lib/crater-agent-workspace/builds/worker-15/source:/opt/rustwide/workdir:ro,Z" "-v" "/var/lib/crater-agent-workspace/cargo-home:/opt/rustwide/cargo-home:ro,Z" "-v" "/var/lib/crater-agent-workspace/rustup-home:/opt/rustwide/rustup-home:ro,Z" "-e" "SOURCE_DIR=/opt/rustwide/workdir" "-e" "CARGO_TARGET_DIR=/opt/rustwide/target" "-e" "CARGO_INCREMENTAL=0" "-e" "RUST_BACKTRACE=full" "-e" "RUSTFLAGS=--cap-lints=forbid" "-e" "CARGO_HOME=/opt/rustwide/cargo-home" "-e" "RUSTUP_HOME=/opt/rustwide/rustup-home" "-w" "/opt/rustwide/workdir" "-m" "1610612736" "--user" "0:0" "--network" "none" "ghcr.io/rust-lang/crates-build-env/linux@sha256:20528e8c29e4536546f0102ce88568b16ea7538393a33fcca951030f7af10457" "/opt/rustwide/cargo-home/bin/cargo" "+881c1ac408d93bb7adaa3a51dabab9266e82eee8" "test" "--frozen" "--no-run" "--message-format=json", kill_on_drop: false }`
[INFO] [stdout] 262e5330bc4a515400b7f27c8411efab69a6b2b754e4cf77e4b7f0067d0659d4
[INFO] [stderr] WARNING: Your kernel does not support swap limit capabilities or the cgroup is not mounted. Memory limited without swap.
[INFO] running `Command { std: "docker" "start" "-a" "262e5330bc4a515400b7f27c8411efab69a6b2b754e4cf77e4b7f0067d0659d4", kill_on_drop: false }`
[INFO] [stderr]    Compiling memchr v2.4.0
[INFO] [stderr]    Compiling proc-macro2 v1.0.27
[INFO] [stderr]    Compiling unicode-xid v0.2.2
[INFO] [stderr]    Compiling regex-syntax v0.6.25
[INFO] [stderr]    Compiling termcolor v1.1.2
[INFO] [stderr]    Compiling humantime v2.1.0
[INFO] [stderr]    Compiling atty v0.2.14
[INFO] [stderr]    Compiling aho-corasick v0.7.18
[INFO] [stderr]    Compiling quote v1.0.9
[INFO] [stderr]    Compiling syn v1.0.72
[INFO] [stderr]    Compiling regex v1.5.4
[INFO] [stderr]    Compiling env_logger v0.8.3
[INFO] [stderr]    Compiling test-env-log v0.2.7
[INFO] [stderr]    Compiling scratchstack-aws-principal v0.3.1 (/opt/rustwide/workdir)
[INFO] [stdout] error[E0599]: no variant or associated item named `service` found for enum `PrincipalActor` in the current scope
[INFO] [stdout]     --> src/actor.rs:1211:36
[INFO] [stdout]      |
[INFO] [stdout] 35   | pub enum PrincipalActor {
[INFO] [stdout]      | ----------------------- variant or associated item `service` not found here
[INFO] [stdout] ...
[INFO] [stdout] 1211 |         assert_eq!(PrincipalActor::service("aws", "service-name", None).unwrap().to_string(), "service-name");
[INFO] [stdout]      |                                    ^^^^^^^ variant or associated item not found in `PrincipalActor`
[INFO] [stdout] 
[INFO] [stdout] 
[INFO] [stdout] error[E0599]: no variant or associated item named `service` found for enum `PrincipalActor` in the current scope
[INFO] [stdout]     --> src/actor.rs:1213:29
[INFO] [stdout]      |
[INFO] [stdout] 35   | pub enum PrincipalActor {
[INFO] [stdout]      | ----------------------- variant or associated item `service` not found here
[INFO] [stdout] ...
[INFO] [stdout] 1213 |             PrincipalActor::service("aws", "service-name", Some("us-east-1".to_string())).unwrap().to_string(),
[INFO] [stdout]      |                             ^^^^^^^ variant or associated item not found in `PrincipalActor`
[INFO] [stdout] 
[INFO] [stdout] 
[INFO] [stdout] error[E0599]: no variant or associated item named `service` found for enum `PrincipalActor` in the current scope
[INFO] [stdout]     --> src/actor.rs:1221:29
[INFO] [stdout]      |
[INFO] [stdout] 35   | pub enum PrincipalActor {
[INFO] [stdout]      | ----------------------- variant or associated item `service` not found here
[INFO] [stdout] ...
[INFO] [stdout] 1221 |             PrincipalActor::service("aws", "service name", None).unwrap_err().to_string(),
[INFO] [stdout]      |                             ^^^^^^^ variant or associated item not found in `PrincipalActor`
[INFO] [stdout] 
[INFO] [stdout] 
[INFO] [stdout] error[E0599]: no variant or associated item named `service` found for enum `PolicyPrincipal` in the current scope
[INFO] [stdout]    --> src/policy.rs:935:35
[INFO] [stdout]     |
[INFO] [stdout] 21  | pub enum PolicyPrincipal {
[INFO] [stdout]     | ------------------------ variant or associated item `service` not found here
[INFO] [stdout] ...
[INFO] [stdout] 935 |         let s1 = PolicyPrincipal::service(Some("aws".to_string()), "service-name").unwrap();
[INFO] [stdout]     |                                   ^^^^^^^ variant or associated item not found in `PolicyPrincipal`
[INFO] [stdout] 
[INFO] [stdout] 
[INFO] [stdout] error[E0599]: no variant or associated item named `service` found for enum `PolicyPrincipal` in the current scope
[INFO] [stdout]    --> src/policy.rs:945:30
[INFO] [stdout]     |
[INFO] [stdout] 21  | pub enum PolicyPrincipal {
[INFO] [stdout]     | ------------------------ variant or associated item `service` not found here
[INFO] [stdout] ...
[INFO] [stdout] 945 |             PolicyPrincipal::service(Some("aws".to_string()), "service name").unwrap_err().to_string(),
[INFO] [stdout]     |                              ^^^^^^^ variant or associated item not found in `PolicyPrincipal`
[INFO] [stdout] 
[INFO] [stdout] 
[INFO] [stdout] error: aborting due to 5 previous errors
[INFO] [stdout] 
[INFO] [stdout] 
[INFO] [stdout] For more information about this error, try `rustc --explain E0599`.
[INFO] [stdout] 
[INFO] [stderr] error: could not compile `scratchstack-aws-principal`
[INFO] [stderr] 
[INFO] [stderr] To learn more, run the command again with --verbose.
[INFO] running `Command { std: "docker" "inspect" "262e5330bc4a515400b7f27c8411efab69a6b2b754e4cf77e4b7f0067d0659d4", kill_on_drop: false }`
[INFO] running `Command { std: "docker" "rm" "-f" "262e5330bc4a515400b7f27c8411efab69a6b2b754e4cf77e4b7f0067d0659d4", kill_on_drop: false }`
[INFO] [stdout] 262e5330bc4a515400b7f27c8411efab69a6b2b754e4cf77e4b7f0067d0659d4
